s divided by 8.
5
Suppose 3*w + 0*w + 3*t + 129 = 0, -5*w + 3*t - 223 = 0. Let s = w + 37. Let a(b) = b**2 - 3*b - 31. What is the remainder when 76 is divided by a(s)?
37
Let q = 1 - -2. Let o(x) = -11*x - 32. Let c be o(-4). What is the remainder when (14/4)/(c/48) is divided by q?
2
Suppose 6*p - 11*p = -75. Let s = -569 - -732. Calculate the remainder when s is divided by p.
13
Suppose -3*z = 3*u - 531, 279 - 775 = -3*u + 4*z. Suppose -132 = 2953*k - 2959*k. Calculate the remainder when u is divided by k.
18
Calculate the remainder when ((-858)/12 + 5)*(-20)/((-20)/(-2)) is divided by 2/9 - (-178)/9.
13
Suppose 0*y - 540 = -4*y. Let w be (y/3 + (1 - 0))*2. Suppose 6*l - 40 = w. Calculate the remainder when l is divided by 4.
2
Suppose -2*l - 8 = -30. Let m(t) = -3*t**2 + 39*t - 29. Calculate the remainder when l is divided by m(12).
4
Let h = 940 + -1583. Let y = h - -655. Calculate the remainder when 129 is divided by y.
9
What is the remainder when 26 is divided by (-6)/4 + 138/12?
6
Suppose -50 = -2*c - 4*w, 0 = -7*c + 4*c + 3*w + 120. Let r(s) = 10*s + 2. Calculate the remainder when r(17) is divided by c.
32
Let n = 2868 + -2820. Calculate the remainder when 121 is divided by n.
25
Let s(q) be the second derivative of -q**5/20 - q**4/2 - 2*q**3 - 13*q**2/2 - 36*q. Calculate the remainder when 116 is divided by s(-6).
57
Let j = 8078 - 8069. Calculate the remainder when 5596 is divided by j.
7
Suppose -205 + 1183 = -6*z. Let l = -143 - z. Calculate the remainder when 51 is divided by ((-5)/(l/13))/((-4)/32).
25
Let t = 40 + -20. Suppose p = 4*p - 57. Calculate the remainder when (-30)/(-1)*3/(24/t) is divided by p.
18
Suppose -116*d + 120 = -460. Calculate the remainder when 264 is divided by d.
4
Let b(m) = 29*m**2 + m - 2. Suppose 6*d + 117 = 99. Let h(a) = -2*a**3 - 6*a**2 - 5*a + 2. Calculate the remainder when b(2) is divided by h(d).
14
Suppose 2*f - 757 = 847. Suppose -f*t + 140 = -797*t. What is the remainder when t is divided by 3?
1
Let p = 36 + -32. Let n be (208/p)/2*1. Suppose -3*z = 2*f - 46, n = 3*z - 2*f - 12. Calculate the remainder when 68 is divided by z.
12
Let c(d) = 7*d + 9*d + 9*d + 16. Suppose 40 = 2*z - 16. What is the remainder when c(6) is divided by z?
26
Suppose 4*s + 54 - 150 = 0. Calculate the remainder when 117 is divided by s.
21
Let d(m) = m**3 - 4*m**2 - 4*m - 19. Let b = 67 + -34. Calculate the remainder when b is divided by d(6).
4
Let t = 6529 + -6466. Calculate the remainder when 628 is divided by t.
61
Let m = -12 - -15. Suppose -c - 117 = -w + m*c, -3*c + 562 = 5*w. Suppose -2*s + 66 = 4*r, 16*s = 14*s - r + 60. What is the remainder when w is divided by s?
26
Let l = -200 - -204. Suppose -g = -2*z - l, z + 75 = 5*g + 2*z. Calculate the remainder when 15 is divided by g.
1
Calculate the remainder when (-283)/(3/(-3)) + (1 + -6 - -3) is divided by 48.
41
Calculate the remainder when -15*(-9)/45 + 3099 is divided by 97.
95
Suppose 3914 = 267*p - 206*p - 3345. Calculate the remainder when 1068 is divided by p.
116
Suppose 0 = 27*p - 25*p + 684. Let d = -213 - p. What is the remainder when d is divided by 19?
15
Let l(w) = -w**2 + 78*w - 1504. Calculate the remainder when 566 is divided by l(40).
6
Suppose -8 = 2*i, -27*i - 918 = -g - 30*i. Calculate the remainder when (g/(-4))/(-15)*12 is divided by 43.
14
Suppose q = -0*q - 2, -3*o = -3*q - 1398. Let l = o - 453. Calculate the remainder when 19 is divided by l.
8
Suppose 21*p = -12*p + 3795. What is the remainder when 578 is divided by p?
3
Suppose -124*n + 286*n - 132*n = 293850. Calculate the remainder when n is divided by 175.
170
Suppose 2*v + 165 = 4*g - 183, -g = -2*v - 93. Suppose -5*w + 0*w = -g. Suppose -h - w = -98. What is the remainder when h is divided by 21?
18
Let s = -2 + 7. Let b(y) = 9*y + 20. Let w(k) = -14*k - 30. Let u(c) = 8*b(c) + 5*w(c). Calculate the remainder when 79 is divided by u(s).
19
Suppose 2*q - 21*u = -18*u + 408, 0 = -2*u + 4. Calculate the remainder when q is divided by 60.
27
Let p = 80 - 80. Let y be (p*5/(-25))/(-4). Suppose y = -i - i + 64. What is the remainder when i is divided by 5?
2
What is the remainder when 403 is divided by 0 + -6 + -528 + 675?
121
Let y(h) = 447*h - 436. Calculate the remainder when y(6) is divided by 225.
221
Suppose -4*b = -5*y + 5086, -3*y + 6*b = 4*b - 3052. Let d = -986 + y. What is the remainder when 799 is divided by d?
31
Let a = 32 - 282. Let q = a + 280. Calculate the remainder when 88 is divided by q.
28
What is the remainder when 1906 is divided by 3376/(-4)*((-124)/16 - -7)?
7
Let p(a) = -a**3 - 25*a**2 - 163*a - 73. Suppose 2*r - 102 = -402. Let m = r - -258. What is the remainder when m is divided by p(-12)?
9
Let v = 169 - 610. Let a = -422 - v. Calculate the remainder when a is divided by 4.
3
Suppose 10 = 5*a, 8 = g + a - 1. Suppose 178 + 767 = g*y. What is the remainder when y is divided by 23?
20
Suppose 0 = 54*n + 191 - 3917. Calculate the remainder when 124 is divided by n.
55
Let n(t) = -143*t + 8. Let o be n(-1). Let r = -112 + o. Calculate the remainder when r is divided by 17.
5
Suppose 2*s + 3*z = 9, -5*s + 3*z + 3 = -3*s. Let o = -68 - -57. Let m(q) = q**2 + 12*q + 21. Calculate the remainder when m(o) is divided by s.
1
Suppose g + 2*k - 26 = 0, -3*k - 116 = -5*g - 6*k. Let h(u) = -u**2 - 11*u + 62. What is the remainder when h(0) is divided by g?
18
Let z(s) = 11*s + 3. Let r(g) = -g**2 + 13*g - 15. Let j(m) = 7*m + 45. Let f be j(-5). Calculate the remainder when z(5) is divided by r(f).
13
Suppose -1008 = -7*u - u. Let b = 180 - u. Let z = -29 + b. Calculate the remainder when 147 is divided by z.
22
Calculate the remainder when -3*((-27296)/48 + -1) is divided by 107.
104
Suppose 4*a + 26 = 5*a. Suppose 0 + a = 13*y. Suppose 2*s - 3*h = 2*h + 146, 71 = s - y*h. What is the remainder when s is divided by 22?
19
Let t = 2233 + -2061. Calculate the remainder when t is divided by 8.
4
Suppose -4*r + 42 = 2*z, 3*r + 0 - 15 = 0. Suppose z*k = 253 + 418. Calculate the remainder when k is divided by 9.
7
Let r be (-69)/(-21) - 8/28. Suppose 9 = -5*j + 4, -r*j - 23 = -2*a. Suppose -p - 2*s = s - 53, 4*s = -5*p + 210. What is the remainder when p is divided by a?
8
Suppose 6*j - 98 = -j. Suppose 10 = 2*d + 2*d + 3*l, 5*d = -3*l + j. What is the remainder when 39 + d + (-6 - -4) is divided by 11?
8
Suppose 9*a = 17 + 19. Suppose -a*w = 0, -w - 3*w = -2*n + 158. Calculate the remainder when 551 is divided by n.
77
Let z = 4 + 1. Let n(g) = 11*g + 146. Let d be n(-11). Suppose 4*l - 6 = 2*q + 28, -l = z*q - d. Calculate the remainder when 69 is divided by l.
9
Let x = -2068 + 2180. Calculate the remainder when 780 is divided by x.
108
Suppose 4*g = g + 4*s + 278, g = -2*s + 76. Suppose 14 = -3*j + g. What is the remainder when j is divided by 5?
4
Suppose 246*g - 427*g + 401984 = 390*g. Calculate the remainder when g is divided by 644.
60
Let s = 124 + -411. What is the remainder when 147 is divided by (s/14 - 1)*(-4)/2?
18
What is the remainder when (-27936)/(-112)*(8 - 1) is divided by 103?
98
Calculate the remainder when (0 + (-15)/(-60))/((-2)/(-18416)) is divided by 55.
47
Let p(v) = 2*v**2 + 61*v + 496. Calculate the remainder when p(-43) is divided by 130.
11
Suppose 3*z = 19 - 7. What is the remainder when 129 is divided by 1/((2/z)/(201/6))?
62
Let x = -13759 - -14014. What is the remainder when 2031 is divided by x?
246
Suppose o = 2*r - 0*r - 3, 2*r + 3*o + 17 = 0. Calculate the remainder when (-2 + -90 + -2)/((-108)/1566*29) is divided by (2 + r)*(9 + 1).
7
Let t(m) = -19*m - 233. Let h be t(-14). Suppose 11 = p + 3*z, 5*p + z - h = -3*z. What is the remainder when 69 is divided by p?
4
Suppose -3*l = 3*y - 123, 3*y + 0*l - 103 = l. Let x = y - 32. Suppose 2*s - 30 = 4*p, 3*s = -s + x*p + 80. What is the remainder when s is divided by 8?
1
Suppose -5*u = -4*d - 299, -2*d = 5*u - 4*d - 287. Calculate the remainder when 584 is divided by u.
34
What is the remainder when 795 is divided by 150/(-15) - -18 - -66?
55
Let h be -2*(-3)/(-9)*3. Let l = 1535 + -1531. What is the remainder when l is divided by (-1 - -3) + 4 + h?
0
Suppose 0 = -0*o - 6*o + 252. Suppose 5*d - 1224 = 2326. Suppose -4*y = -122 - d. Calculate the remainder when y is divided by 